Suppose -4*q = -34 - k. Suppose 2*m - 3*y = q, -4*m + y - 6 = -18. What are the prime factors of m?
2
Let b(q) = -4*q + 6. Let g be b(-7). List the prime factors of g/(1 - (-2)/2).
17
Suppose 4*n = 5*q - 3*q + 1168, -4*n - 3*q = -1178. What are the prime factors of n?
293
What are the prime factors of (-3)/(-7) - 18441/(-189)?
2, 7
Let r(f) = 14*f - 5. What are the prime factors of r(3)?
37
Let o(d) = -d**2 + 5*d - 2. Let b be o(4). Suppose -a + 2 = -5*a - b*u, 4*u = -4*a - 8. List the prime factors of (26/6 - a)*3.
2, 5
Suppose -4*c + 2*c = -26. Let a(s) = s**2 - 6*s - 13. Let o be a(8). Suppose w = c - o. What are the prime factors of w?
2, 5
Suppose 3*a = -0*a. Suppose 4*x + a*c + 3*c = 20, 4*x + 2*c - 16 = 0. List the prime factors of x.
2
Let k be 4/6*-3 + 4. Suppose -z + 3*y = -k*y - 12, 0 = -5*z - 2*y + 87. What are the prime factors of z?
17
List the prime factors of (-36)/(-14)*(-35)/(-3)*2.
2, 3, 5
Suppose -5*r - 1 + 3 = 3*t, 5*r - 10 = 5*t. Let a be (-1 - t)*(-3)/6. Suppose a - 3 = -p. List the prime factors of p.
3
Suppose 5*r - 166 = -4*w, -4 = -4*w + 3*w. Let n be 6/(-8)*(-25 + 1). Let c = r - n. List the prime factors of c.
2, 3
Let g = 5 - 9. Let w(m) = m**3 - 3*m**2 + 7*m + 1. Let f(d) = 2*d**3 - 3*d**2 + 8*d + 2. Let o(j) = 2*f(j) - 3*w(j). List the prime factors of o(g).
5
Suppose -6*b + 3*b = -6. List the prime factors of -7*(2*-1)/b.
7
Suppose 3*d - 146 = 322. List the prime factors of d.
2, 3, 13
Let s(w) = w**3 - 7*w**2 + 5*w + 2. Let h(g) = 4*g + g**3 - 10*g**2 + 4*g**2 + 4 - 2. Let c(q) = 5*h(q) - 4*s(q). What are the prime factors of c(3)?
11
Suppose 135 = 5*w + 5*d, 4*w + 34 = 2*d + 124. What are the prime factors of w?
2, 3
Let r(h) = h**2 - 2*h - 3. Let w be r(3). Suppose 6*c - 2*c = -5*l + 6, -3*c + 3*l - 9 = w. Let m = 13 + c. What are the prime factors of m?
2, 3
Let m(a) = a**2 + 8*a - 3. Let r be m(-8). Let q = r + 9. List the prime factors of q.
2, 3
Let u = -1 - 4. Let b = u - 0. List the prime factors of b/(-2*(-1)/(-8)).
2, 5
Suppose 2 = 3*n - 7. Suppose 0 = -2*s + n*u + 10, 5*s - 4 = 4*s + 2*u. What are the prime factors of s?
2
Suppose 3*c - 181 = 2*t, -2*c + c - 5*t = -83. What are the prime factors of c?
3, 7
Let b be -1*5 - (2 + -4). List the prime factors of 6*b/(9/(-2)).
2
Let z be (3/(-4))/((-2)/16). Suppose 4*h - 2*t - 36 = 3*t, -4 = -5*h - 4*t. Suppose h = g - z. What are the prime factors of g?
2, 5
Let r be (-10 - -1) + (1 - -1). List the prime factors of 15*(-1 - r/5).
2, 3
Suppose 7*o - 120 = 2*o. Suppose -o + 8 = 4*r, -3*p - 29 = -r. List the prime factors of -3 + 1 - p/1.
3
Let v be (-5)/(-3) - (-3)/9. Suppose v*o - 52 = 6. List the prime factors of o.
29
Let j(d) = -2*d + 16. Let c be j(16). Let w = 42 + -13. Let g = w + c. List the prime factors of g.
13
Let y = 11 - 7. Suppose -y*h + 6*h - 4 = 0. List the prime factors of h/(3/(-18)*-3).
2
Suppose 12 = 2*x + 2*x. Let f be (-8)/(-12) - (-10)/x. What are the prime factors of (f/(-2))/((-7)/28)?
2
What are the prime factors of -2*((-58)/4 - 4)?
37
Suppose x = 33 - 11. Suppose x = 2*g - 14. List the prime factors of g/4*40/15.
2, 3
Let v(w) = 7*w. Let c be v(8). Let n = c - 37. What are the prime factors of n?
19
Let s(d) be the third derivative of d**6/120 + d**5/60 + d**4/24 + 3*d**3/2 + 6*d**2. What are the prime factors of s(0)?
3
Let w be 1 - ((-6)/3 + 0). Let j = 6 - w. List the prime factors of j.
3
Let v(h) = h**2 + 10*h - 10. Let z(u) = -4*u**2 - 29 + 6*u + 6*u**2 + 24*u. Let k(p) = 8*v(p) - 3*z(p). What are the prime factors of k(6)?
19
Let q be 1/3*258/1. Suppose 3*i - q = -4*o, -5*i = -5*o - 102 - 18. Suppose 0*n = 2*n - i. List the prime factors of n.
13
Let r(l) = -19*l - 2. Let b(m) = -9*m - 1. Let h(n) = 9*b(n) - 4*r(n). List the prime factors of h(-1).
2
Let z(u) = -u**3 - 7*u**2 - 3*u - 8. Let j = 19 + -28. Let i = 2 + j. List the prime factors of z(i).
13
Let z(v) = -4*v + v**3 + 4*v**2 - 4 - v**2 - v. List the prime factors of z(-3).
11
Let u = 10 - 14. Let f be (5/4)/(1/u). Let i(r) = r + 7. What are the prime factors of i(f)?
2
Let w(u) = -u**3 + 2*u**2 - u + 30. What are the prime factors of w(0)?
2, 3, 5
Suppose 0 = -5*w + 605 + 680. List the prime factors of w.
257
Suppose 2*i - 88 = -28. What are the prime factors of i?
2, 3, 5
Let q(k) = -10*k**3 - k**2 + 3*k - 3. Let a be q(-3). Suppose -5*l + a = -191. Suppose -l + 13 = -5*f. List the prime factors of f.
3, 5
Let d(w) = w + 0 + w - 1 + 2*w. What are the prime factors of d(3)?
11
Suppose -2*z + 17 = -7. Let b = -6 + z. Suppose 1 = s - b. List the prime factors of s.
7
What are the prime factors of (-578)/(-8) - 3/12?
2, 3
Suppose -8*r + 565 = -115. What are the prime factors of r?
5, 17
Let s(a) = -a**3 - 6*a**2 - 5*a. Let j be s(-5). Suppose q + 1 - 13 = j. List the prime factors of q.
2, 3
Let v(y) be the third derivative of -y**4/24 + y**3/3 - 11*y**2. Let b = 11 + -17. List the prime factors of v(b).
2
Let y(h) = -h**2 - 7*h - 7. Let f be y(-5). Let n = 29 + f. List the prime factors of n.
2
Let n(s) = s**2 + s + 4. Let p be n(-4). Let v = -4 + p. List the prime factors of v.
2, 3
Let m(x) = x**2 + 6*x + 6. Let q be m(-6). Suppose q*o - 84 = 2*o. What are the prime factors of o?
3, 7
Suppose -2*m - 2*p + 445 = -157, -4*m + 1206 = 3*p. List the prime factors of m.
3, 101
Let w be (-2)/6*(-4 + -2). Let z(u) = u + 1 + 2*u**2 - u**3 - 2*u**3 - u**w. What are the prime factors of z(-1)?
2
Let y = 10 + -1. Suppose -2*i + y - 1 = 0. List the prime factors of ((-10)/3)/(i/(-6)).
5
Let o = 101 - 68. List the prime factors of o.
3, 11
Suppose 0*r = 3*r + 12. What are the prime factors of (-49)/(-6) + r/24?
2
List the prime factors of (-15)/(-20) - 1754/(-8).
2, 5, 11
Let j be 108/4*-1*1. Let a = j + 51. What are the prime factors of a?
2, 3
Let n(s) = -3*s - 10. Let q(y) = -7*y - 19. Let l(m) = 5*n(m) - 3*q(m). Let r be l(-5). Let f = r - -32. List the prime factors of f.
3
What are the prime factors of (203/14)/(3/24) + 2?
2, 59
Let h = 0 - -38. List the prime factors of h.
2, 19
Let u be 1/(-4)*(0 - 8). Suppose 3*p = 4 + 8. Suppose 0 = u*d - 2*f + 7*f - 28, -3*f - 56 = -p*d. List the prime factors of d.
2, 7
Suppose q + 4*q - 31 = -4*a, -3*a + 4*q + 62 = 0. What are the prime factors of a?
2, 7
Suppose r = 4*f - 24 - 15, -4*f = r - 33. What are the prime factors of f?
3
Suppose -2*o + 3 = i - 6*o, -i - 2*o - 9 = 0. Let p be -2 - (i + 2) - -7. Suppose 3*z = 4*z - p. List the prime factors of z.
2
Let x(a) = 22*a + 1. List the prime factors of x(1).
23
What are the prime factors of (-328)/(-11) + 16/88?
2, 3, 5
Let u = 8 - 0. Suppose 2*r - 5*g + u = 1, -r - 11 = -4*g. List the prime factors of r.
3
Let g(o) = o**3 - o - 8. What are the prime factors of g(4)?
2, 13
List the prime factors of 1/(3/564*4).
47
Let v(z) = -z**2 + 18*z + 11. What are the prime factors of v(9)?
2, 23
Suppose 4*d = 3 + 13. List the prime factors of d.
2
Let f = 36 + 173. What are the prime factors of f?
11, 19
Let j be 2/(-4) + 18/4. Suppose -j*p + 66 = -22. List the prime factors of p.
2, 11
Let s = -524 - -761. What are the prime factors of s?
3, 79
Suppose 5*f = -5, f = -4*p + 19 - 0. Let n = p - -13. Suppose -4*w + n = 5*u - 7*u, -3*w = -3*u - 18. List the prime factors of w.
3
Let g be (-4)/(-10) + 36/10. Let w = 7 - g. Suppose -w*k = c - 5 - 20, 5*c = -k + 55. List the prime factors of c.
2, 5
Suppose -2 + 4 = c. Let r = 16 + -7. Suppose -c*q + q = -r. What are the prime factors of q?
3
Suppose 148 = 3*l - 107. What are the prime factors of l?
5, 17
Suppose 2*z + 0 = -6, 0 = 2*j + 2*z + 46. Let p = j - -34. List the prime factors of p.
2, 7
Suppose 4*b - 8 = -m, -3*m + 10 = b - 3. Suppose m = 2*i + 2. List the prime factors of ((-17)/3)/(i/(-3)).
17
List the prime factors of 4 + (9*(-1)/(-3) - -145).
2, 19
Let l(k) = -2*k**3 - 3*k**2 + 5*k + 3. Let t(m) = -m**2 - 3. Let s be t(0). What are the prime factors of l(s)?
3, 5
Suppose 42 = -3*f + 9. Let z(h) be the second derivative of -h**4/12 - 13*h**3/6 - 9*h**2/2 + h. List the prime factors of z(f).
13
Suppose -4*l + 35 + 37 = 0. List the prime factors of l.
2, 3
Let i(h) = h**3 - 4*h**2 - 11*h + 6. Let s be i(7). Suppose 4*f - s = -0*f. What are the prime factors of f?
19
What are the prime factors of (2/(-5))/((-16)/7640)?
191
Let b =